alse
Is 8669651 composite?
False
Is 116317477 a composite number?
False
Is 36831838 prime?
False
Is 47893223 prime?
False
Is 261674359 a composite number?
True
Is 963413 a composite number?
True
Is 628871 prime?
False
Is 38459087 a prime number?
True
Is 15993655 composite?
True
Is 14661487 a prime number?
True
Is 4489843 prime?
True
Is 1661887 a prime number?
True
Is 21543161 composite?
True
Is 1232863 composite?
True
Is 211937 a composite number?
True
Is 234973311 composite?
True
Is 544931 a prime number?
False
Is 466016389 prime?
False
Is 1311607 a prime number?
False
Is 10242359 a composite number?
True
Is 51171229 a prime number?
True
Is 755111443 a composite number?
False
Is 59836759 prime?
True
Is 31588961 a prime number?
False
Is 1677077 prime?
False
Is 33707419 a prime number?
True
Is 797273 a composite number?
False
Is 6554965 a prime number?
False
Is 32655907 a prime number?
True
Is 160063 a composite number?
True
Is 3794599 composite?
False
Is 9639257 a prime number?
False
Is 9119933 prime?
True
Is 733841 a prime number?
True
Is 264630554 prime?
False
Is 4086167 prime?
True
Is 2345691 prime?
False
Is 1813081 a composite number?
False
Is 29220749 a prime number?
True
Is 72812057 composite?
True
Is 13315691 a composite number?
False
Is 8876041 a prime number?
False
Is 33280223 prime?
False
Is 8002633 a composite number?
True
Is 32804011 composite?
False
Is 62835161 composite?
False
Is 114482 prime?
False
Is 612439 a composite number?
False
Is 1087717 prime?
True
Is 53697491 composite?
False
Is 99034909 composite?
False
Is 10412423 composite?
True
Is 2942266 a prime number?
False
Is 2932949 prime?
False
Is 8016637 composite?
False
Is 7865257 a composite number?
False
Is 37495261 prime?
False
Is 24434369 prime?
True
Is 16305671 composite?
True
Is 1540619 a prime number?
True
Is 2242103 composite?
True
Is 10773583 prime?
True
Is 229789957 prime?
True
Is 8223653 prime?
True
Is 157627 a prime number?
True
Is 2956603 composite?
True
Is 4098839 prime?
True
Is 365969 a prime number?
True
Is 259365373 prime?
True
Is 90927827 a composite number?
False
Is 75131633 prime?
True
Is 59153977 composite?
False
Is 173041499 composite?
False
Is 1895773 composite?
True
Is 2759873 a composite number?
False
Is 5756651 composite?
True
Is 7957205 a composite number?
True
Is 18125161 prime?
True
Is 554171 composite?
False
Is 15362383 a composite number?
False
Is 19986247 prime?
False
Is 64141163 a prime number?
False
Is 73019657 a composite number?
False
Is 749137 a composite number?
False
Is 6894859 a composite number?
False
Is 46189939 composite?
False
Is 1276433 composite?
False
Is 1625689 a prime number?
False
Is 13208557 composite?
False
Is 13483859 prime?
True
Is 32499871 composite?
False
Is 423675817 composite?
False
Is 58809679 a prime number?
False
Is 95229787 prime?
True
Is 12127999 a prime number?
False
Is 74976589 composite?
True
Is 31916773 a prime number?
False
Is 8258045 a prime number?
False
Is 477093583 a prime number?
False
Is 1085101 a composite number?
False
Is 10047901 a composite number?
True
Is 869585 a prime number?
False
Is 221614 a composite number?
True
Is 175501831 composite?
True
Is 962305 a composite number?
True
Is 529272769 prime?
True
Is 879467 a composite number?
True
Is 298383127 composite?
True
Is 277883 a composite number?
False
Is 16891393 a prime number?
True
Is 53106281 composite?
False
Is 227450563 a prime number?
True
Is 25465394 a composite number?
True
Is 31823013 composite?
True
Is 2098079 a prime number?
True
Is 20863831 composite?
False
Is 19219961 composite?
True
Is 2161387 prime?
False
Is 272405171 a composite number?
False
Is 224535211 a prime number?
True
Is 284019089 a composite number?
True
Is 9955579 a composite number?
True
Is 31086529 a prime number?
True
Is 1471020413 a prime number?
False
Is 91918817 a prime number?
True
Is 6074899 a composite number?
True
Is 4437245 a composite number?
True
Is 364625123 a composite number?
True
Is 4769341 prime?
False
Is 1120177 a composite number?
True
Is 5603127 prime?
False
Is 14009509 a composite number?
False
Is 2348531 composite?
True
Is 90013423 prime?
True
Is 18112093 prime?
False
Is 17183561 a composite number?
False
Is 381364597 composite?
False
Is 153771643 a prime number?
False
Is 111817337 prime?
False
Is 16843927 composite?
False
Is 719858597 a prime number?
True
Is 63522311 composite?
False
Is 11318051 a prime number?
False
Is 50903177 prime?
False
Is 171054677 a prime number?
False
Is 4322743 prime?
False
Is 3734981 prime?
False
Is 3572063 a composite number?
True
Is 315193 a composite number?
False
Is 307332329 a composite number?
False
Is 3457081 a composite number?
False
Is 10702487 a prime number?
False
Is 29731687 composite?
False
Is 137257 a composite number?
True
Is 138204359 prime?
True
Is 2580059 a prime number?
False
Is 2335097 a prime number?
True
Is 52137839 composite?
True
Is 474367 composite?
True
Is 47219639 prime?
True
Is 81931501 prime?
True
Is 5669503 prime?
False
Is 4429583 a prime number?
True
Is 589438217 composite?
False
Is 66245227 a composite number?
False
Is 825181 a composite number?
True
Is 10418897 a composite number?
True
Is 716266627 a composite number?
True
Is 463119607 a prime number?
True
Is 4970743 composite?
False
Is 24651101 composite?
True
Is 229683593 a prime number?
False
Is 1554521 composite?
False
Is 17677573 a prime number?
True
Is 60340117 composite?
True
Is 2319133 a composite number?
False
Is 1015123 prime?
True
Is 5496191 prime?
True
Is 14804069 a prime number?
False
Is 27578807 a prime number?
True
Is 2971921 a prime number?
False
Is 64254739 prime?
False
Is 61433831 a composite number?
True
Is 27884217 a prime number?
False
Is 11471309 composite?
False
Is 53989214 composite?
True
Is 18562961 prime?
False
Is 11243249 a composite number?
True
Is 1899593 a prime number?
False
Is 8490149 a composite number?
True
Is 21149477 prime?
True
Is 7529719 prime?
False
Is 71989433 a composite number?
False
Is 1572323 a prime number?
True
Is 146239 prime?
True
Is 319075138 a prime number?
False
Is 60069017 composite?
False
Is 71527 a composite number?
False
Is 1442887 a composite number?
False
Is 191953533 prime?
False
Is 114331839 prime?
False
Is 6696319 a composite number?
True
Is 443771 a composite number?
False
Is 16721389 a composite number?
True
Is 10458893 composite?
True
Is 332334809 prime?
False
Is 6261521 composite?
True
Is 4426567 a composite number?
True
Is 137771 composite?
False
Is 226125367 composite?
True
Is 69020617 a composite number?
False
Is 17518063 a prime number?
False
Is 14423727 prime?
False
Is 960359 a composite number?
True
Is 64828417 a prime number?
True
Is 579497 a composite number?
False
Is 30088477 composite?
False
Is 9509641 prime?
True
Is 2434849 composite?
True
Is 835249 prime?
True
Is 69661297 a composite number?
False
Is 13456861 prime?
False
Is 9102967 composite?
True
Is 58103417 prime?
True
Is 142890101 composite?
False
Is 5369047 a prime number?
False
Is 3510841 a prime number?
False
Is 55277851 a prime number?
True
Is 68530415 a composite number?
True
Is 152343943 prime?
False
Is 203819303 prime?
True
Is 4331939 composite?
False
Is 227011 a composite number?
False
Is 20025899 composite?
False
Is 456302843 prime?
True
Is 1648181 composite?
False
Is 5295809 prime?
True
Is 66462991 composite?
True
Is 22081751 composite?
False
Is 4068919 a composite number?
True
Is 970027 prime?
True
Is 14605541 prime?
False
Is 107054 composite?
True
Is 8611961 composite?
False
Is 802663 a prime number?
False
Is 1247167 prime?
True
Is 1802441 composite?
True
Is 137192647 composite?
True
Is 8505767 a prime number?
True
Is 5736859 a prime number?
True
Is 812719 composite?
True
Is 684289 prime?
True
Is 226948061 prime?
False
Is 22716623 prime?
True
Is 85814039 prime?
False
Is 281717495 composite?
True
Is 1867211 a prime number?
True
Is 26057 a composite number?
True
Is 1166377 composite?
True
Is 203942159 a composite number?
True
Is 680039 a composite number?
False
Is 1607341 a prime number?
False
Is 233021 prime?
True
Is 5481857 a prime number?
True
Is 24841779 a prime number?
False
Is 3657677 a composite number?
False
Is 10776349 prime?
True
Is 663097 prime?
True
Is 131060869 prime?
False
Is 6639